Let l be (-2 - -2) + -9 + -1. Let z(r) = -63*r - 14. Let b be z(l). Let m = -433 + b. What is the tens digit of m?
8
Let n(u) = 26*u + 88. Let o be n(15). Let f = o + -139. What is the tens digit of f?
3
Let a = -117 + 224. Let n be a/5 - 8/20. Suppose 5*r + u - 142 = 0, 3*r = 5*u + n + 81. What is the tens digit of r?
2
Let l = 116640 - 74511. What is the thousands digit of l?
2
Let m = -20943 - -23577. What is the tens digit of m?
3
Let b = 537 + -843. Let z = 10 - b. Suppose 12*x - z = 8*x. What is the units digit of x?
9
Suppose 0 = d - 3*x + 553, -3*d - 2*d + 2*x = 2817. Let r = -222 - d. What is the tens digit of r?
4
What is the units digit of (-1312 + (-27)/(-9))*(-3 + 2)?
9
Let q = -28439 - -52227. What is the hundreds digit of q?
7
Suppose 8 = -s + 2*g + 14, 3 = -5*s - g. Suppose n - 195 = -5*c, 3*n + n + 2*c - 690 = s. What is the tens digit of n?
7
What is the hundreds digit of -14332*((-221)/(-17) - 14)?
3
Suppose 354*d = 393*d - 434577. What is the thousands digit of d?
1
Let f be -76 + -3 + -1 + -3. Let m = 171 + f. Suppose 3*c - 785 = -5*n, 69 = n - 4*c - m. What is the hundreds digit of n?
1
Let h = -15 + 21. Suppose 6*c - h - 6 = 0. What is the units digit of (-38)/(c/(-9 + 1))?
2
Suppose -11810*d - 2939 = -11811*d. What is the units digit of d?
9
Let p be (45 - -1)*1/(-2). Let y(c) be the second derivative of -c**3/3 + 7*c**2 - 2*c. What is the tens digit of y(p)?
6
What is the ten thousands digit of 12859 - (75/(-250) - 282/60)?
1
Suppose -10865 + 52830 = 4*y - 1723. What is the tens digit of y?
2
Suppose 4*h + 25 = 133. Suppose h = -8*o + 67. Suppose -o*w + 10*w = 265. What is the tens digit of w?
5
Suppose -7*f + 16 = -9*f. What is the hundreds digit of -1*f/44 - 8574/(-33)?
2
Let j be (2 - 3)/((-3)/15). Suppose 0 = 4*u - j*p - 481, -5*p - 113 = -2*u + 120. What is the tens digit of u?
2
Let l = 244 - 818. What is the tens digit of 1*-5 - l*(-8)/(-16)?
8
Suppose 68*v - 693600 = 17*v. What is the units digit of v?
0
Let o(p) = p**3 + 49*p**2 + 325*p + 241. What is the hundreds digit of o(-29)?
6
Suppose 0 = 4*i + 3*b - 3115, 2*i - 2050 + 505 = b. Suppose i*r + 2136 = 781*r. What is the tens digit of r?
5
Let i(x) = x. Let m = -8 + 10. Let n be i(m). Suppose 0 = 6*p - n*p + 4, -2*t - p = -171. What is the tens digit of t?
8
Suppose -5*h + 5 = -w, 4*h + 6 = 2*w + 4. Suppose w = -p, 2388 = 5*c + 2*p - 537. What is the hundreds digit of c?
5
Let a = 22 - 135. Let h = a + 523. What is the tens digit of h?
1
Let o = 45722 + -31105. What is the thousands digit of o?
4
Suppose -7*n = -5*d - 2*n + 7310, -d + 4*n = -1471. Let y = d + -339. What is the units digit of y?
0
Suppose -57 = -p - 45. Suppose 2785 = -7*g + p*g. What is the units digit of g?
7
Let i(x) = 120*x - 1198. What is the hundreds digit of i(60)?
0
Suppose -6*d = -8*d + 5*q + 252, -5*q + 328 = 3*d. Suppose d*f - 129 = 113*f. What is the units digit of f?
3
Suppose -5965 + 835 = -5*d. What is the units digit of d?
6
Let t(m) be the first derivative of m**2/2 + 38*m - 1. Suppose -9 = -3*x, 17*z = 14*z + 3*x + 51. What is the units digit of t(z)?
8
Let m(f) = 60*f + 68*f + f**2 + 71*f - 20 + 59*f - 299*f. What is the units digit of m(-10)?
0
Let i(j) = 3*j + 21. Let w be i(-5). Let v(m) = -m**2 + 4*m - 9. Let u be v(w). Let c = u + 190. What is the units digit of c?
9
Let g(l) = 193*l**2 - 4*l - 5. Suppose 9*z + 8 = -1. What is the hundreds digit of g(z)?
1
Let i(y) = 8*y + 40. Let h be i(-5). Suppose h = -4*o - g + 3000, -550 = -3*o - 3*g + 1691. What is the hundreds digit of o?
7
Let j be (-6677)/22*(-3 - (-2 - -1)). Let o = j - 382. What is the tens digit of o?
2
Let k = 140 + -135. Suppose k*f - 263 = -3*q, 4*f - 171 = -2*q + 7. What is the tens digit of q?
8
Suppose 5*k = 470 - 20. Let c be 4*(-14)/(-12)*k/(-4). What is the tens digit of -3*(-2)/(-2)*-1 - c?
0
Suppose -4*q + 2*p = -24, -3*q - 4*p - 23 = -6*q. Suppose t - 64 = -c, -q*t - c - 40 = -368. Suppose -9*r = -3*r - t. What is the units digit of r?
1
What is the ten thousands digit of (-1038635)/(-87) + 4/(-3) - 0?
1
Let p = -175 - -184. Suppose -193 = -4*z + 3*j, 3*z = p*j - 5*j + 136. What is the units digit of z?
2
Let t = 286 - 156. Let y = t + -55. Suppose -147 = -3*r + y. What is the tens digit of r?
7
Suppose -7*b - 192168 = -15*b. What is the hundreds digit of b?
0
Suppose -4*s + 98328 = -5*r, -87*s + 92*s - 4*r = 122928. What is the hundreds digit of s?
5
Suppose l - 108 = -4*x, -5*x - 256 = -3*l - 0*l. Suppose l + 568 = 3*f + 3*m, 5*f + 2*m = 1091. What is the hundreds digit of f?
2
Let c(t) be the second derivative of -t**4/12 + 17*t**3/2 + 17*t**2/2 + 42*t. What is the hundreds digit of c(32)?
6
Let m be (-18)/12*42/(-9). Suppose -v - 3 = 0, -m*j - 5*v = -5*j - 327. What is the hundreds digit of j?
1
Suppose 1805 - 60773 = -18*q. What is the hundreds digit of q?
2
Suppose -7*h + 1494 = -7333. What is the tens digit of h?
6
Let r(t) = 2*t**3 - 8*t**2 + 3*t. Let d be r(3). Let x be 0*(-2 + 1) - 54/d. Suppose 296 = x*y - 286. What is the tens digit of y?
9
Suppose 0 = -8*l + 10*l - j - 7848, -3*j + 6 = 0. What is the hundreds digit of l?
9
What is the units digit of (-6 - 35970/(-40))/((-3)/(-24))?
6
Let f(r) = 1045*r**2 - 33*r. What is the units digit of f(-2)?
6
Suppose -6*l - 624 = -4*l + 3*f, -5*f - 934 = 3*l. Let x = 527 + l. What is the tens digit of x?
0
What is the thousands digit of 63116/15 - 44/(-165)?
4
Let n(x) = x**2 - 44*x + 1711. What is the tens digit of n(-82)?
4
Let h = -17 + 14. Let a be -1 + 5 + h + -3. What is the units digit of (-6)/(-27) + a*429/(-27)?
2
Suppose 50*b - 156198 = 53605 + 35597. What is the units digit of b?
8
Suppose 19394*l = 19402*l - 133944. What is the ten thousands digit of l?
1
Let l = -2697 + 2731. Suppose -44 + 469 = 5*o. Let j = l + o. What is the units digit of j?
9
Suppose 0 = 2*p + 2, 2*v = -2*p + 5*p - 433. Let b = v - -616. What is the hundreds digit of b?
3
Suppose -3*b - 3*o + 42 = 0, -3 = -2*o + 1. Let l = 11 - 8. What is the tens digit of ((-2)/l)/(b/(-882))?
4
Let u be (-4)/(-3) + 40/24. Let z be (u + -2)*-2*-4. Suppose 13*a - 435 = z*a. What is the tens digit of a?
8
Let m(y) = -2*y - 69. Let c be m(-27). Let l(w) = -w**3 - 16*w**2 - 23*w - 20. What is the units digit of l(c)?
0
Let a = -513 - -512. What is the tens digit of ((-12)/(-10))/((-9)/9030*a)?
0
Let p(b) = -5*b**2 + 57*b + 4. Let v be p(11). Suppose 5423 = v*q - 739. What is the tens digit of q?
3
Let c(b) = -76*b - 33. Let j(i) = -115*i - 50. Let y(d) = 8*c(d) - 5*j(d). What is the hundreds digit of y(-24)?
7
Suppose 0 = 471*b - 470*b + 5*a - 16849, -2*b + 5*a = -33623. What is the units digit of b?
4
Suppose -96*a + 3 = -93*a, -418 = -v - 3*a. What is the hundreds digit of v?
4
Suppose -20 = -4*x + 92. Let j be (-7)/1*(-24)/x. Suppose -j*c + 4*c + 228 = 0. What is the hundreds digit of c?
1
Suppose 65*c + 18*c = 23*c + 11040. What is the units digit of c?
4
Let i(y) = 2*y**3 + 19*y**2 - 3*y + 1. Suppose 7 = d - 5*n, d - 8*n = -9*n - 11. What is the units digit of i(d)?
7
Let v be 24/9 + (12/9 - 0). Suppose -3*j - 2*y + 733 = 0, v*j - 1008 = -0*y + 5*y. What is the tens digit of j?
4
What is the tens digit of -64 - -65 - (-4604 + (3 - 0))?
0
Let q(l) = 103*l + 47. Suppose 14*y - 18*y + 16 = 0. What is the units digit of q(y)?
9
Let s(v) = -15*v**2 - 466*v - 2. What is the thousands digit of s(-24)?
2
What is the thousands digit of (22374/99)/(1/197)?
4
Suppose 1963949 = 35*v + 667269. What is the thousands digit of v?
7
Suppose -107*y - 431685 + 2083016 = 0. What is the units digit of y?
3
Let q be (-876)/(-28) + (20/14)/(-5). Suppose 362 = y - 3*a, 395 = y - 2*a + q. What is the hundreds digit of y?
3
Let w = 111 + 125. Let j = w + -111. What is the hundreds digit of j?
1
What is the units digit of (-2)/4 - (-7)/(-6) - (-521184)/72?
7
Let r(z) = -z**3 - 15*z - 2*z**2 + 24*z - z**2 + 13*z**2. What is the tens digit of r(10)?
9
Suppose 0 = 3*t - 3*u - 20 - 10, t = -2*u + 13. Suppose 1052 = -7*i + t*i. Let p = -78 + i. What is the hundreds digit of p?
1
Let x be (-11 - (-4 + -1)) + 3. Let h be 16*(x + -1 - -5). What is the hundreds digit of -19 + h + (1 - -161)?
1
Suppose 2*g - g + 22857 = l, 0 = -l - g + 22863. What is the units digit of l?
0
Suppose 691*z - 1115166 = 640*z. W